3*b = 4*n - 2647, -b - 4*b + 5*n + q = 0. Is b prime?
False
Suppose -2*b + 25 = 3*b. Let q = b + -6. Is (q + 2)/(1/127) composite?
False
Let g = -6414 - -9025. Suppose -g = -2*w + 5*i, -2039 = 3*w + 2*i - 5908. Is w a composite number?
True
Suppose -5*a + 4*o = -62571, -11*o - 12511 = -a - 7*o. Is a a prime number?
False
Let u(w) = 1652*w**2 + 19*w + 10. Is u(-5) a prime number?
False
Suppose 15 = 5*c - 35. Is 5/3*2910/c a prime number?
False
Suppose v - o - 2 = 1, 15 = 5*v - 4*o. Suppose -i + 2*l = 6*l - 3625, v*i - 2*l = 10833. Is i composite?
False
Let t(x) = -x**2 - 6*x - 6. Let u be t(-4). Suppose z - 114 = -u*z. Suppose 4*c + z = 6*c. Is c prime?
True
Is 468802/28 - 1/(-14) prime?
False
Is 12/16 + 37045/4 - 5 a prime number?
True
Let x(p) = -169*p - 187. Is x(-56) prime?
True
Let u(g) = 70*g**2 + 2*g + 53. Is u(15) prime?
False
Suppose -3*t + 6018 = 3*p, -3*t = 4*p + 718 - 6739. Is t a composite number?
False
Suppose 2*z - 229157 = -3*h, 24217 - 138785 = -z - 5*h. Is z a composite number?
True
Let r(h) = -5*h**3 + 17*h**2 - 23*h - 1. Let y(w) = -4*w**3 + 17*w**2 - 23*w - 2. Let i(b) = -5*r(b) + 6*y(b). Is i(-18) a prime number?
True
Suppose 3*w = -4*j + 6027 + 9199, 5*j = -4*w + 19033. Is j a composite number?
True
Let m(c) = -4*c + 4*c - 2 + 2*c**2 - 4*c. Suppose -n + 2*n + 6 = 0. Is m(n) a composite number?
True
Let j(d) = d**3 - 11*d**2 - 13*d + 12. Let f be j(12). Let l be (3/(-2))/(3/(-4)). Suppose f = -l*i + 315 + 931. Is i prime?
False
Suppose 5*x = 5*r - 70, 4*r = 15 + 1. Is 7572/8*x/(-15) composite?
False
Let m be ((-6)/(-5))/((-18)/(-180)). Let a(r) = 96*r - 1. Is a(m) a composite number?
False
Let j = 5579 - 2608. Is j a composite number?
False
Let j = 5775 - -886. Is j composite?
False
Let a = 20 - 11. Let v(r) = r**3 - 9*r**2 + 4. Let k be v(a). Suppose -4*b + k*t + 52 = 0, b - 3*b + t = -26. Is b composite?
False
Let o = -21 + -34. Let t be (44/o)/((-4)/10). Suppose -3*h - t*q = -49, -4*h - 2*q + 57 = -11. Is h composite?
False
Let s(v) = -6*v**2 + 4*v + 1. Let t be s(2). Is (-864)/t - 2/(-5) prime?
False
Let p be ((-579)/(-9))/((-1)/3). Let l = -113 - p. Suppose 0 = -v - 3*f + 43, 4*f - f = -2*v + l. Is v a composite number?
False
Let g(c) = 1723*c**2 - 14*c - 1. Is g(-4) composite?
True
Suppose 2*k - 190 = 7*k. Let i = k - -33. Let g(w) = -w**3 + 7*w**2 - w - 7. Is g(i) prime?
False
Let z be (154/(-49) - 2) + (-2)/(-14). Let a(l) = l**2 - 4*l + 1. Is a(z) a composite number?
True
Suppose 4*j = -86 - 6. Let w = j - 133. Is 1 + 3/((-9)/w) composite?
False
Is 7 - (20341 + -7)/(-1) prime?
True
Let g = 59 + -36. Suppose 18*f = g*f + 25. Is 453/(f/(-2) + -1) prime?
False
Let c be 1203*8/18 + (-3)/(-9). Suppose 5*l - 5*v = c, 2*l - v + 0*v - 213 = 0. Is l a prime number?
False
Let j = 19451 + -9852. Is j composite?
True
Let v = 1927 - 1305. Let a = 121 + v. Is a prime?
True
Let x = -4 + -1. Let w(i) = -i**3 - 5*i**2 - 2*i. Let r be w(x). Is 652/r + 4/(-20) composite?
True
Let p = -8 - -6. Let j = 340 + -342. Is (7 + p)/(j/(-202)) composite?
True
Let m(g) = 6679*g + 54. Is m(1) composite?
False
Let n be -32 - (0 + -1 + -2). Let p = -27 - n. Is ((-2)/(-6))/(p/510) a composite number?
True
Let a(x) = x**3 + x**2 + 1. Let n(u) = 5*u**3 + 2*u**2 - 2*u + 5. Let w(y) = -6*a(y) + n(y). Let r be w(-3). Is (r/(-4))/(3/138) a composite number?
True
Let m(r) = -r**3 + 8*r**2 + 2*r**2 + 1 + 7*r - 8 - r. Is m(10) composite?
False
Let t be 2/13 + 83628/(-78). Let c be t/2*(-3 - -2). Suppose -4*h + 670 = 5*u - h, c = 4*u + 3*h. Is u prime?
False
Suppose -3*a - 348 = -2*d - 27, -a - 108 = -d. Let u = a - -184. Is u a composite number?
False
Suppose 142*b = 149*b - 58919. Is b a prime number?
False
Suppose 3*k - 7*k - 2*r = -292, r = -k + 71. Let u be (3/(-2))/(4/(-336)). Suppose -u = -3*g + k. Is g composite?
False
Suppose -23*i + 258949 = -437790. Is i a prime number?
True
Suppose q + 21 = -24. Suppose -400 = -27*o + 31*o. Let h = q - o. Is h a prime number?
False
Let a(t) = 450*t**3 + 2*t**2 + 10*t - 11. Is a(1) composite?
True
Let c(j) = 138*j**2 - 3*j - 19. Is c(-4) composite?
True
Let o(h) = -7*h**3 + 8*h**3 - 12 + h**2 - 11*h + 9*h**2. Let v be o(-8). Let y = v - -133. Is y composite?
False
Suppose -2*c + 6535 = f, 2*c - 1635 = f + 4894. Suppose -2*a - 3*z = -2382, -5*a + z + 2655 + c = 0. Suppose a = 2*b + b. Is b composite?
True
Let l(z) = z**3 - 12*z**2 - 3*z + 13. Let g be l(12). Let n = 38 + g. Is 16/40 + 4599/n a prime number?
True
Suppose -f = -4*o - 8307, -60*f + 3*o = -56*f - 33241. Is f prime?
True
Is 21440790/546 + 4/26 composite?
True
Let s be (51 + -52)/((-1)/2*-2). Is 9656/5 - s/(-5) prime?
True
Let z = 81 - 95. Let m(h) = 3*h**2 - 4*h + 29. Is m(z) a prime number?
True
Let m(s) = 315*s + 34. Is m(3) prime?
False
Suppose m = -d + 8250, 3*d + 4803 = 3*m - 19965. Suppose -3*z + 12*z - m = 0. Is z a composite number?
True
Let c be 5/(-3)*(2 - 5). Suppose 0 = -u + 2*j - 109, 8*j = 2*u + c*j + 221. Let z = u + 224. Is z a composite number?
False
Let v = 12 - 20. Let w be (-72)/(-15)*1*-485. Is v/28 + w/(-14) composite?
True
Let n be -1 - (0 + 0 + 139). Let x = 290 - 76. Let d = x + n. Is d a composite number?
True
Let w be (2426 - 2)*(-2)/(-2). Suppose 4*g = 8*g + z - 4863, 0 = 2*g + 2*z - w. Is g a prime number?
True
Suppose -16*w + 60 = -212. Let c = 7 - 17. Let y = w + c. Is y a prime number?
True
Let o(k) = -3*k + 12*k**2 - 5*k**2 + 6 - 3*k + 0*k. Is o(-5) composite?
False
Let z be (20/2)/(-5)*6219. Is (-1)/(z/(-3110) + -4) a prime number?
False
Suppose u - 46 = -27. Let m(i) = i**2 + i + 4. Let w be m(0). Suppose -w*s + 267 = u. Is s composite?
True
Let y(j) = -13 - 259*j - 36 + 13. Is y(-5) prime?
True
Let p(h) = -275012*h + 41. Is p(-1) a prime number?
True
Suppose -26*p = -15*p + 132. Is (4/(-3))/(p/9783) a prime number?
True
Let i(l) = 9*l**2 - 8*l + 338. Let f(p) = -5*p**2 + 4*p - 169. Let g(k) = 7*f(k) + 4*i(k). Is g(0) composite?
True
Let z = -375 + 702. Let o = z + -110. Is o a prime number?
False
Suppose 3*b = -6 + 9. Suppose -5 - b = -3*w. Suppose 0*i - i = -r + 120, 5*r + w*i = 621. Is r prime?
False
Let z = -403 + 2056. Let u = 5324 - z. Is u composite?
False
Let x(i) = 10*i**2 - 2*i - 4. Let n be x(6). Suppose -4*p + 0*p = n. Let q = -35 - p. Is q composite?
True
Is 1227*((-12)/(-78) - (-241)/39) a prime number?
False
Suppose -p + 75 - 318 = -2*l, -5*l + 580 = 3*p. Suppose y = -y + 4*d + 122, 2*y - d = l. Let q = 84 - y. Is q composite?
True
Let b(j) = -j - 1. Let p(y) = -5*y - 4. Suppose d - 2*a = 2, -a + 28 = 5*d - 2*a. Let n(u) = d*b(u) - 3*p(u). Is n(7) composite?
True
Let o be (8 + -8)*2/(-4). Suppose -10200 = -o*c - 5*c. Suppose -2*w + 5*h = h - 798, 0 = -5*w + h + c. Is w composite?
False
Suppose 0 = -5*t, t = -4*g - 2951 + 10323. Is g composite?
True
Let s be (4/6 + 2/(-3))*1. Let h(d) = -6*d**3 - 11*d**2 + 6*d + 1524. Let l(w) = -w**3 - 2*w**2 + w + 305. Let f(m) = -2*h(m) + 11*l(m). Is f(s) prime?
True
Let l be -36*((-5)/2 + 3). Let x = l + 14. Let d(o) = -9*o + 1. Is d(x) prime?
True
Let h(n) = -106*n + 11. Let i be h(-7). Suppose -3*z - 251 = -4*z + 2*y, -3*y + i = 3*z. Let b = z + -109. Is b a prime number?
False
Let p be 56/14 + -1*4. Let l(h) = 97*h + 2. Let f be l(3). Suppose -k + 0*k + f = p. Is k composite?
False
Let i be 25976/(-24)*(3 + -2)*3. Is (i - -3)*(-8)/16 a prime number?
False
Let n(b) = -b**2 - 11*b + 14. Let r be n(-11). Is (r/3)/(4/42) a composite number?
True
Is 7853/(-5 - (-3 - 3)) a prime number?
True
Let p be 4/(4 + -2 - 0). Suppose 0 = -p*b + 5*b - 711. Is b a composite number?
True
Let q be ((-2)/4)/((-2)/(-32)). Let o be (20/q + 2)*2. Is o + 3/((-6)/(-94)) prime?
False
Suppose -5*z - 3*q = 37, -2*z + 6*z = q - 16. Let l = 9 + z. Is (l + 222)*(-2)/(-4) prime?
True
Let o = 41343 + -17538. Suppose 8*x = o + 14459. Is x composite?
False
Suppose l = -0*l - 2, -x + 3*l - 5930 = 0. Is (-2 + 1)*x/16 a composite number?
True
Let i = -29937 + 46666. Is i a prime number?
True
Let d(w) = 41*w + 6. Let m be d(6). Suppose -83*t + 2*z - 2 = -82*t, 4*t + 2*z + 8 = 0. Let n = m - t. Is n a composite number?
True
Let l(r) = -r**3 + 6*r**2 - 6*r + 6. Let c be l(4). Suppose -c*i + 18*i = 12. Suppose q + q - 65 = -i*g, -5*g = 2*q - 59. Is q a prime number?
True
Let m = -15407 + 23694. Is m a